prime factors of j.
2, 3
Let t be (-135)/20*16/(-6). Suppose 0 = -23*u + t*u + 135. List the prime factors of u.
3
Let k(h) = h**3 - 4*h**2 + h - 1. Let b be k(2). Let c = b - -11. List the prime factors of c.
2
Suppose -u + 7*u - 348 = 0. What are the prime factors of u?
2, 29
Suppose -2*b + 61 = -5*f, b - 5*f + 100 = 6*b. What are the prime factors of b?
23
Let o = 4 - -1. Suppose -o - 19 = -r. What are the prime factors of r?
2, 3
Let p(h) be the third derivative of h**5/60 + h**4/6 - h**3 - 2*h**2. Let v be p(-8). Let j = -16 + v. List the prime factors of j.
2, 5
Let o = 7 + -4. Suppose 23 = -4*h + o, -35 = -4*s + 3*h. Suppose s*c - 3*c = 16. What are the prime factors of c?
2
Let s(c) = -11*c**2 + 29*c + 18. Let y(u) = 4*u**2 - 10*u - 6. Let x(r) = 3*s(r) + 8*y(r). Let k = 3 - -3. List the prime factors of x(k).
2, 3
Let m = 3 + 1. Suppose 0 = -t + 2, m*s - 6*t + 50 = -t. Let g = -6 - s. List the prime factors of g.
2
Suppose 3*j + 5*o - 206 = 0, 0*o - o = -3*j + 218. Suppose -4*y = 2*y - 30. Suppose t + j = y*t. What are the prime factors of t?
2, 3
Let y be 1/(-2)*(0 + 0). Let i(q) be the first derivative of -q**2/2 + 14*q + 2. What are the prime factors of i(y)?
2, 7
Suppose -5*k = -19 - 11. Suppose b - k*b = -90. Suppose -3*y + 2*y = -b. List the prime factors of y.
2, 3
Suppose -5*f - u - 148 = -10*f, 0 = -2*f + 2*u + 64. What are the prime factors of f?
29
What are the prime factors of (232/(-28) + 4)*-7?
2, 3, 5
Suppose -4*b + 2*w - 10 = -2*b, 5*b - 4*w + 27 = 0. Let n = 14 + b. List the prime factors of n.
7
Let r = 199 + -134. List the prime factors of r.
5, 13
Let g(v) = -2*v + 19. What are the prime factors of g(-19)?
3, 19
Let n = 10 - 8. What are the prime factors of n/8 + (-455)/(-20)?
23
Suppose -2*p + 6 = p. Let t = 1 + p. Suppose 0 = q - t - 2. What are the prime factors of q?
5
Suppose 2 = -3*l + 2*t, 0 = -4*l - 3*t - 0 + 3. Let q be ((-4)/(-8))/(1/20). Suppose j = 4*f - 2, l = 2*j + 3*f + q - 39. List the prime factors of j.
2, 5
Let r = 114 - -34. Suppose 5*x = -3*y + r, 2*y = -x - 4*x + 97. Suppose -5*a + 6 = 2*q, 6*q - 3*a = 3*q + y. What are the prime factors of q?
13
Let w = 29 + 22. What are the prime factors of w?
3, 17
Let t = 13 + -18. Let f(n) = n**2 + 3*n - 4*n + 5*n - 2. What are the prime factors of f(t)?
3
Let j be 0/(2/1) - -2. Suppose 3*m + 18 = -3. What are the prime factors of j/(2/m)*-1?
7
Let j = -11 - -6. Let t(y) = y**2 + 3*y - 2. List the prime factors of t(j).
2
Suppose -17*y = -14*y - 168. What are the prime factors of y?
2, 7
Suppose j = -2*j + 6. Suppose 3*t - 4*r = r - j, 3*r = -2*t - 14. Let a = 8 + t. List the prime factors of a.
2
Let t = -98 + 127. What are the prime factors of t?
29
Let z = -25 + 98. Suppose -4*b + z = u, 3*b + 0*b = 15. What are the prime factors of u?
53
Let f(p) = p**3 + 7*p**2 + p - 2. Let v be f(-7). Let d = v - -17. List the prime factors of d.
2
Let h = 8 + 231. List the prime factors of h.
239
Let q(h) = -h**2 - 8*h + 3. Suppose 24 = -6*o + 2*o. What are the prime factors of q(o)?
3, 5
What are the prime factors of (5 + -9)*(-239)/4?
239
Let m = 774 + -376. List the prime factors of m.
2, 199
Let t = -51 - -101. Suppose 0 = -5*p + 10 + t. What are the prime factors of p?
2, 3
Let b(j) = 2*j**2 - 12*j - 28. What are the prime factors of b(-10)?
2, 73
What are the prime factors of 552/10 - 9/45?
5, 11
Let t be 2/(-1*4/8). Let b(w) = w**2 - 4*w + 1. List the prime factors of b(t).
3, 11
Let n(d) = d**3 + 2*d**2 - 6*d - 1. Let x be n(-4). Let w be 123/x*6/(-2). Suppose -2*g = g + 4*p - 43, -w = -g + 4*p. What are the prime factors of g?
3, 7
Let j be 8 + (-2)/(0 - -2). Let x = j - -2. List the prime factors of x.
3
Let x = 9 - 3. What are the prime factors of 122/14 - x/(-21)?
3
What are the prime factors of 226/(-5)*1*-5 + -3?
223
Suppose 34*k - 29*k = 370. What are the prime factors of k?
2, 37
Let l(b) be the second derivative of 0*b**2 - 1/3*b**3 + 1/4*b**4 + 0 + 2*b. What are the prime factors of l(2)?
2
Let j = 484 - 284. What are the prime factors of j?
2, 5
Let n(o) = -6*o**3 - o**2 - o - 2. List the prime factors of n(-2).
2, 11
Let s be (-8)/16*(-32 + 0). Let b = -6 + s. What are the prime factors of b?
2, 5
Suppose 2*x = 3*v - 3*x - 28, -x = -4*v + 60. Suppose 4*k - 44 + v = 0. Let m = k - 3. What are the prime factors of m?
2
Suppose 3*y + 2*i - 39 = 67, i + 194 = 5*y. What are the prime factors of y?
2, 19
Suppose 5*w = -3*k - 6, -2*k + w = -1 - 8. What are the prime factors of k?
3
Let w(v) be the second derivative of v**3/2 - 3*v**2 - 4*v. What are the prime factors of w(6)?
2, 3
Suppose -330 = -g + 6*g + u, 4*u - 330 = 5*g. List the prime factors of (-6)/24 + g/(-8).
2
Let a be 1/(2/6*1). Suppose 3*d - 2*p = -d - 4, -a*p + 11 = -d. Let j(b) = 4*b. List the prime factors of j(d).
2
Let a = 36 - 10. Let i be (-184)/12 - (-2)/(-3). Let h = a + i. What are the prime factors of h?
2, 5
Let u = 0 + 5. Suppose u*s = 3*d, 5*s - d = s. Suppose -3*b = -s*b - 24. List the prime factors of b.
2
Suppose 3 = 3*y - 0. Let x = 12 + -9. Let v = x - y. List the prime factors of v.
2
Let r = -17 + 24. Let q = 10 - r. Suppose -n = -5*g + 25, q*n - 2 = 2*g + 1. What are the prime factors of g?
2, 3
Suppose 0 = -5*k + 5*z, 4*k = -5*z + 25 + 2. Suppose p = k*p - 90. What are the prime factors of p?
3, 5
Suppose 5*z + 116 = 4*w, 3*w - 121 = 4*z - 33. What are the prime factors of w?
2, 3
Suppose o - 1 = 3. Suppose -20 = -o*z - z. Let l = z - 2. List the prime factors of l.
2
Let v = -10 + 6. Let u(n) = -n**3 - 4*n**2 - 2. Let s be u(v). List the prime factors of s + 2/1 - -7.
7
Suppose 5*c - 3*c + 6 = 0. Let g(l) = l. Let d(t) = 2*t**2 + 2*t + 3. Let m(y) = c*g(y) + d(y). List the prime factors of m(3).
2, 3
Suppose 3*n - 3 = -3*w, 3*w + 19 = 5*n + w. Suppose 2*s - 3 = 7, -n*a + s = -64. List the prime factors of a.
23
Let k be 16*((-21)/6 - -3). Let j = 30 + k. List the prime factors of j.
2, 11
Suppose 5*q - o + 0*o = 15, 0 = -3*q - 3*o + 27. Suppose -8 = -q*j + 8. What are the prime factors of 12/(-1)*(-7)/j?
3, 7
What are the prime factors of (-26)/(3 - (-34)/(-10))?
5, 13
Let z = 139 - 66. List the prime factors of z.
73
Suppose -w - 9 = 3*t, 0 = -3*w - 4*t - 2 - 0. Suppose -5*s = -w*s + 3. List the prime factors of s.
3
Let v be (-52)/(-3)*12/(-8). Let x = 43 + v. What are the prime factors of x?
17
What are the prime factors of (-238)/(-4)*14/7?
7, 17
Suppose o - 6 = 6. Let z be (-8)/o - 14/(-3). What are the prime factors of (3 - 0) + 0/z?
3
Let u = 15 + -3. Suppose -3*w + 2*w + u = 2*i, w = -4. What are the prime factors of i?
2
Let b(x) = -20*x. Let s be b(-1). Let o = -12 + s. What are the prime factors of o?
2
Suppose -6*x - 20 = -x. Let h = x - -8. What are the prime factors of h?
2
Suppose 79 = 2*l + c, 5*l - c = c + 211. What are the prime factors of l?
41
Let u(o) = 3*o**2 - o - 4. Let h(m) = -4*m**2 + 2*m + 5. Let d(f) = 4*h(f) + 5*u(f). Let p be d(2). What are the prime factors of (1 + 3/6)*p?
3
Suppose 7*v - 5*v = 146. List the prime factors of v.
73
Let y be ((-6)/4)/((-2)/4). Suppose 0*l - 12 = -y*l. What are the prime factors of l?
2
Suppose 7*j = -2*f + 3*j + 2, 0 = 2*j + 4. Let k(x) = -f*x**3 + 3*x**3 - 8*x - 8*x**2 + x**3 - 1. List the prime factors of k(-7).
2, 3
Suppose 3*p - 5 = 2*m + 11, 5*p = 5*m + 35. Let r be (p + 7)*(3 - 2). Let w(y) = y**3 - 9*y**2 - y + 12. List the prime factors of w(r).
3
Let w(f) = -f - 13. Let j be w(6). Let q = j + 51. List the prime factors of q.
2
Suppose -35 = 5*j - 5*a, -3*j = -2*a + 18 - 1. Let v be j/6*-2 - -1. Suppose -i - 5 = v*r, -5*i - 5*r - 15 = -3*i. What are the prime factors of i?
5
Suppose 5*r - 5*w = 170, -4*r + 4*w = w - 134. Suppose 2*o - 32 = 2*x, 2*o = -x + 2*x + r. List the prime factors of o.
2
Suppose 18 = -5*t + 2*t. Let k(l) = -l**3 - 4*l**2 + 8*l + 5. List the prime factors of k(t).
29
Suppose 112*n - 109*n = 213. What are the prime factors of n?
71
Let j(c) = 2 + 0 + c**2 - c - 3*c + 0. What are the prime factors of j(4)?
2
Let c = 5 - 1. Suppose 2*z + c*f = 4*z - 86, 5*f + 10 = 0. What are the prime factors of z?
3, 13
Let d be (-2)/4 - (-35)/(-10). Let h = d + 2. What are the prime factors of -2*(0 + 2*h)?
2
Let c(j) be the third derivative of -j**6/120 - j**5/60 + j**3/3 + j**2. Let 